{"id":1640,"date":"2008-03-20T02:19:14","date_gmt":"2008-03-20T02:19:14","guid":{"rendered":"http:\/\/inacreditavel.ioio.info\/?page_id=1640"},"modified":"2008-03-20T11:31:43","modified_gmt":"2008-03-20T11:31:43","slug":"copirraite","status":"publish","type":"page","link":"http:\/\/www.inacreditavel.pt\/?page_id=1640","title":{"rendered":"C\u00f3pirr\u00e1ite"},"content":{"rendered":"<p>Todas as letras, palavras, frases e artigos deste Chornal est\u00e3o abrangidos pela Lei do C\u00f3pirr\u00e1ite.<\/p>\n<p>Qualquer reprodu\u00e7\u00e3o autorizada ou n\u00e3o autorizada de pequena, grande ou toda a parte deste bl\u00f3guio deve ser acompanhada pelo respectivo cheque enviado \u00e0 Redac\u00e7\u00e3o do Chornal.<\/p>\n<p>A tasca onde a gente almo\u00e7a agradece.<\/p>\n","protected":false},"excerpt":{"rendered":"<p>Todas as letras, palavras, frases e artigos deste Chornal est\u00e3o abrangidos pela Lei do C\u00f3pirr\u00e1ite. Qualquer reprodu\u00e7\u00e3o autorizada ou n\u00e3o autorizada de pequena, grande ou toda a parte deste bl\u00f3guio deve ser acompanhada pelo respectivo cheque enviado \u00e0 Redac\u00e7\u00e3o do Chornal. A tasca onde a gente almo\u00e7a agradece.<\/p>\n","protected":false},"author":1,"featured_media":0,"parent":0,"menu_order":0,"comment_status":"open","ping_status":"closed","template":"","meta":{"footnotes":""},"_links":{"self":[{"href":"http:\/\/www.inacreditavel.pt\/index.php?rest_route=\/wp\/v2\/pages\/1640"}],"collection":[{"href":"http:\/\/www.inacreditavel.pt\/index.php?rest_route=\/wp\/v2\/pages"}],"about":[{"href":"http:\/\/www.inacreditavel.pt\/index.php?rest_route=\/wp\/v2\/types\/page"}],"author":[{"embeddable":true,"href":"http:\/\/www.inacreditavel.pt\/index.php?rest_route=\/wp\/v2\/users\/1"}],"replies":[{"embeddable":true,"href":"http:\/\/www.inacreditavel.pt\/index.php?rest_route=%2Fwp%2Fv2%2Fcomments&post=1640"}],"version-history":[{"count":0,"href":"http:\/\/www.inacreditavel.pt\/index.php?rest_route=\/wp\/v2\/pages\/1640\/revisions"}],"wp:attachment":[{"href":"http:\/\/www.inacreditavel.pt\/index.php?rest_route=%2Fwp%2Fv2%2Fmedia&parent=1640"}],"curies":[{"name":"wp","href":"https:\/\/api.w.org\/{rel}","templated":true}]}}